f 1077470?
7
What is the ten thousands digit of 457332?
5
What is the ten thousands digit of 5169364?
6
What is the hundred thousands digit of 149731?
1
What is the thousands digit of 17707136?
7
What is the tens digit of 2618896?
9
What is the tens digit of 449424?
2
What is the units digit of 3377571?
1
What is the ten thousands digit of 942009?
4
What is the hundreds digit of 118419?
4
What is the ten thousands digit of 953803?
5
What is the hundred thousands digit of 324984?
3
What is the hundreds digit of 374942?
9
What is the ten thousands digit of 2958723?
5
What is the ten thousands digit of 359277?
5
What is the tens digit of 176581?
8
What is the ten thousands digit of 2208049?
0
What is the millions digit of 14874164?
4
What is the hundred thousands digit of 7861480?
8
What is the thousands digit of 65167?
5
What is the tens digit of 487257?
5
What is the units digit of 3706225?
5
What is the hundred thousands digit of 1112804?
1
What is the ten thousands digit of 1061612?
6
What is the hundred thousands digit of 5509978?
5
What is the hundreds digit of 454917?
9
What is the ten thousands digit of 1389402?
8
What is the units digit of 180048?
8
What is the hundreds digit of 490704?
7
What is the ten thousands digit of 7145637?
4
What is the hundreds digit of 224805?
8
What is the hundreds digit of 11481307?
3
What is the thousands digit of 14167966?
7
What is the units digit of 182286?
6
What is the tens digit of 1413046?
4
What is the hundreds digit of 144917?
9
What is the tens digit of 48504?
0
What is the tens digit of 373647?
4
What is the ten thousands digit of 4903813?
0
What is the units digit of 1664935?
5
What is the tens digit of 1474431?
3
What is the tens digit of 11671460?
6
What is the hundred thousands digit of 1069870?
0
What is the ten thousands digit of 116876?
1
What is the thousands digit of 23862900?
2
What is the millions digit of 3333017?
3
What is the tens digit of 8742090?
9
What is the ten thousands digit of 2808209?
0
What is the hundreds digit of 391768?
7
What is the hundreds digit of 1060148?
1
What is the tens digit of 7242993?
9
What is the units digit of 348842?
2
What is the ten thousands digit of 3615239?
1
What is the ten thousands digit of 5471395?
7
What is the ten thousands digit of 62824?
6
What is the hundreds digit of 25450?
4
What is the units digit of 1237768?
8
What is the hundreds digit of 830130?
1
What is the millions digit of 5800956?
5
What is the units digit of 3490848?
8
What is the thousands digit of 3231051?
1
What is the thousands digit of 506088?
6
What is the units digit of 181227?
7
What is the ten thousands digit of 34934?
3
What is the units digit of 1285063?
3
What is the ten thousands digit of 41813?
4
What is the tens digit of 20018147?
4
What is the ten thousands digit of 2921908?
2
What is the ten thousands digit of 427824?
2
What is the millions digit of 10774657?
0
What is the units digit of 84726?
6
What is the hundreds digit of 2054830?
8
What is the hundreds digit of 31063?
0
What is the thousands digit of 9336?
9
What is the ten thousands digit of 435198?
3
What is the units digit of 270958?
8
What is the thousands digit of 342464?
2
What is the thousands digit of 2356992?
6
What is the hundreds digit of 1153868?
8
What is the units digit of 96212?
2
What is the tens digit of 339826?
2
What is the millions digit of 7063745?
7
What is the tens digit of 124417?
1
What is the ten thousands digit of 125055?
2
What is the units digit of 173002?
2
What is the millions digit of 3070084?
3
What is the ten thousands digit of 18225040?
2
What is the units digit of 99404?
4
What is the hundreds digit of 357179?
1
What is the ten millions digit of 14038720?
1
What is the thousands digit of 1037259?
7
What is the millions digit of 17538686?
7
What is the units digit of 631158?
8
What is the tens digit of 799257?
5
What is the millions digit of 5172367?
5
What is the hundreds digit of 112500?
5
What is the thousands digit of 14119975?
9
What is the hundred thousands digit of 320305?
3
What is the hundred thousands digit of 367364?
3
What is the hundreds digit of 3747202?
2
What is the ten thousands digit of 206285?
0
What is the ten thousands digit of 582739?
8
What is the units digit of 1183243?
3
What is the hundreds digit of 3277381?
3
What is the hundred thousands digit of 18551008?
5
What is the units digit of 36660?
0
What is the thousands digit of 3165705?
5
What is the thousands digit of 4416043?
6
What is the hundred thousands digit of 504774?
5
What is the hundred thousands digit of 4795445?
7
What is the millions digit of 2647324?
2
What is the units digit of 168906?
6
What is the ten thousands digit of 64054?
6
What is the millions digit of 3327855?
3
What is the hundreds digit of 3568491?
4
What is the ten thousands digit of 2280877?
8
What is the hundreds digit of 966635?
6
What is the hundred thousands digit of 283360?
2
What is the thousands digit of 228021?
8
What is the ten thousands digit of 1434422?
3
What is the ten thousands digit of 542721?
4
What is the ten thousands digit of 1540294?
4
What is the hundreds digit of 30603?
6
What is the thousands digit of 3780548?
0
What is the units digit of 108305?
5
What is the units digit of 3155201?
1
What is the units digit of 899956?
6
What is the hundred thousands digit of 4141736?
1
What is the millions digit of 8783348?
8
What is the units digit of 42305?
5
What is the hundred thousands digit of 100440?
1
What is the hundreds digit of 388759?
7
What is the hundred thousands digit of 824756?
8
What is the hundreds digit of 41729?
7
What is the thousands digit of 1110307?
0
What is the tens digit of 547357?
5
What is the units digit of 359961?
1
What is the thousands digit of 219092?
9
What is the units digit of 376855?
5
What is the tens digit of 10725547?
4
What is the thousands digit of 3863309?
3
What is the hundreds digit of 2323400?
4
What is the hundreds digit of 22101467?
4
What is the thousands digit of 264155?
4
What is the units digit of 172198?
8
What is the hundred thousands digit of 15779924?
7
What is the units digit of 4377751?
1
What is the hundred thousands digit of 258483?
2
What is the thousands digit of 351934?
1
What is the thousands digit of 356074?
6
What is the tens digit of 795699?
9
What is the hundred thousands digit of 443932?
4
What is the ten thousands digit of 67785?
6
What is the ten thousands digit of 858596?
5
What is the units digit of 130853?
3
What is the hundred thousands digit of 486894?
4
What is the ten thousands digit of 3727171?
2
What is the hundreds digit of 123521?
5
What is the tens digit of 212343?
4
What is the thousands digit of 7250550?
0
What is the hundred thousands digit of 335362?
3
What is the thousands digit of 5086?
5
What is the hundreds digit of 6401559?
5
What is the hundred thousands digit of 175507?
1
What is the millions digit of 22962943?
2
What is the hundred thousands digit of 420608?
4
What is the hundreds digit of 429253?
2
What is the thousands digit of 4340764?
0
What is the units digit of 1286301?
1
What is the millions digit of 14364753?
4
What is the tens digit of 257011?
1
What is the ten thousands digit of 536995?
3
What is the ten thousands digit of 273771?
7
What is the hundred thousands digit of 6063991?
0
What is the hundred thousands digit of 17325155?
3
What is the ten thousands digit of 13011228?
1
What is the ten thousands digit of 3770462?
7
What is the hundreds digit of 6193274?
2
What is the hundreds digit of 311987?
9
What is the hundred thousands digit of 17052381?
0
What is the hundred thousands digit of 905184?
9
What is the tens digit of 33834998?
9
What is the units digit of 2353780?
0
What is the ten thousands digit of 1195291?
9
What is the hundreds digit of 10207531?
5
What is the ten thousands digit of 3692525?
9
What is the hundreds digit of 20137111?
1
What is the ten thousands digit of 41728?
4
What is the units digit of 3243017?
7
What is the thousands digit of 2093121?
3
What is the tens digit of 1064240?
4
What is the hundred thousands digit of 6395225?
3
What is the hundred thousands digit of 6145930?
1
What is the thousands digit of 11750186?
0
What is the ten thousands digit of 1356111?
5
What is the 